pose m*b - 55 = 8*b. Let l = -1 - b. What is the remainder when l is divided by 4?
2
Let c = -928 - -941. Suppose x + 8 = 2*x. Calculate the remainder when c is divided by x.
5
Suppose -2*j + 10 + 76 = 0. Suppose 4*b + 24*f - 73 = 21*f, 54 = 2*b - 2*f. What is the remainder when j is divided by b?
21
Let u = 210 - 103. Let c(t) = t**2 - 3*t - 1. Let j be c(4). Suppose -j*x + 2*r + 74 = -3*r, 5*r = 4*x - u. Calculate the remainder when x is divided by 12.
9
Suppose -3*o = -5*o + t - 63, -61 = 2*o - 3*t. Let n = -25 - o. Calculate the remainder when 18 is divided by n.
4
Suppose 0 = 11*y - 656 + 183. Calculate the remainder when y is divided by 19.
5
Let b(r) = 17*r**2 - 10*r - 22. What is the remainder when b(-4) is divided by 49?
45
Suppose q = 37*q - 3024. Calculate the remainder when q is divided by 28.
0
Suppose 0 = -216*i + 234*i - 90. What is the remainder when 95 is divided by i?
0
Suppose -21 - 19 = -2*h. Let j = 127 - 27. Let v = j + -42. Calculate the remainder when v is divided by h.
18
Let q be (-37 + -1)*(2 - 35/14). Let g = q - 15. Calculate the remainder when g is divided by 2.
0
Suppose -8*p = -3*p - 15. Suppose 4*q - 3*d = 68, p*d = -4*q + 8*d + 76. Calculate the remainder when 25 is divided by q.
11
Let d be 73 + -4 + 2 - 3. Suppose 3*f - d = -17. Suppose -5*i + 4*i + f = 0. What is the remainder when i is divided by 10?
7
Suppose -3*q = 5*o - 261, o + 18*q = 16*q + 55. Let s(t) = -13*t**3 - 3*t - 2. Calculate the remainder when o is divided by s(-1).
9
Let y(o) = 32*o**2 + 6*o**2 + o - 12*o**2 - 1 + 4*o. What is the remainder when y(2) is divided by (-30)/(-20)*(-46)/(-3)?
21
Let h = 35 - 47. Let k = h - -33. Calculate the remainder when 38 is divided by k.
17
Let p be (-1)/(-3) + (-3352)/(-24). Calculate the remainder when 19 is divided by p/(-15)*6/(-4).
5
Let a = 36 + -22. Let s(f) be the third derivative of f**5/15 - 7*f**4/24 + 2*f**3/3 - 2*f**2. Calculate the remainder when s(4) is divided by a.
12
Let o(g) = g**3 - 16*g**2 + 12. Calculate the remainder when 156/7 - (-4)/(-14) is divided by o(16).
10
Let q(w) = 3*w**2 - w + 2. What is the remainder when ((-7)/(-2))/((-3)/198*-11) is divided by q(2)?
9
Suppose 71*h - 73*h + 52 = 0. Calculate the remainder when 545 is divided by h.
25
Let w = 150 + -134. What is the remainder when 109 is divided by w?
13
Let h be (2/(-3))/(20/(-150)). Suppose -h*k = 5*i - 4*i + 25, 10 = -2*i. What is the remainder when 7 is divided by (-1 + 0)*(0 + k)?
3
Suppose -3*o = -5*v - 79, -3*v + 5*o = -v + 43. Calculate the remainder when 64 is divided by (-4)/(-2*(-2)/v - 0).
8
Calculate the remainder when 577 is divided by (3 - 6)*(-595)/105.
16
Let s(p) = p**3 + 6*p**2 + 6*p. Let o be s(-5). Calculate the remainder when -35*((-6)/o)/((-119)/85) is divided by 9.
3
Let i = 39 + -20. Let q = 43 - 4. Let v = q - 29. What is the remainder when i is divided by v?
9
Let a(g) = 79*g**2 - 22*g - 39. What is the remainder when a(-2) is divided by 36?
33
Let h(c) = -49*c**2 + 25*c**2 + 2 + 25*c + 25*c**2. What is the remainder when 54 is divided by h(-26)?
26
Let n be (1 - 37)/(3/(-4)). Suppose 11*f = 8*f + n. What is the remainder when (-1)/(1/(-61)*1) is divided by f?
13
Let m = -32 - -39. Suppose -2*j - 5 = -15. Calculate the remainder when m is divided by j.
2
Suppose m - 1 = 83. What is the remainder when m is divided by 10/2 + 42/147*84?
26
Let l(y) = 2*y + 13. Let o = -8 - -4. Let a be l(o). Suppose 2*s = -a*t + 21, -4*s = t - 3*t - 30. What is the remainder when 23 is divided by s?
7
Let y(r) be the second derivative of r**3/3 - 9*r**2/2 - 5*r. What is the remainder when 3 is divided by y(6)?
0
Let i(t) = -t. Let g = 15 + -22. Let s = -104 - -109. What is the remainder when i(g) is divided by s?
2
Let v(o) = 97*o**2 - o - 4. What is the remainder when v(-2) is divided by 96?
2
Let h(m) = 4*m + 5*m - 2 - 18*m + 5*m. Let j be 3/(3/5)*-1. What is the remainder when h(j) is divided by 11?
7
Let h = 74 - 73. What is the remainder when 38 is divided by (h*6)/((-48)/(-64))?
6
Suppose 8*z = 11195 - 3083. Calculate the remainder when z is divided by 9.
6
Suppose -57 = -7*f + 55. Calculate the remainder when 173 is divided by f.
13
Let p = -162 + 257. Let z be -144*(0 - (1/2 + 0)). Let s = z + -48. What is the remainder when p is divided by s?
23
Suppose 3*c - 7*c = -5*y + 39, -c = -2*y + 15. Suppose 3*j = y*j. Suppose 2*x - 16 = -2*r + 30, j = 5*r. What is the remainder when 90 is divided by x?
21
Calculate the remainder when ((-584)/(-6))/((-49)/(-147)) is divided by 20.
12
Let f(u) be the second derivative of 9*u**5/20 - u**3/6 + 3*u. Calculate the remainder when f(1) is divided by (-6 + 2)*(-2 + 1).
0
Suppose x - y = 0, 5*x + 10 = y - 2. Let f(w) = -37*w - 19. What is the remainder when f(x) is divided by 31?
30
Let g = 137 + -125. Calculate the remainder when (1 - -1) + (-29)/(-1) is divided by (-6)/g + 74/4.
13
Suppose -c + 4*q + 101 = 0, -3*c + 2*c - 2*q + 77 = 0. Let r be ((-14)/35)/(4/(-10)). What is the remainder when c is divided by 0 + r/3*87?
27
Suppose 72 = -0*a + 4*a. Calculate the remainder when -4 + (-16)/(-8)*36 is divided by a.
14
Let m(k) = -k**3 + 13*k**2 - 22*k + 2. Let u be m(11). Suppose -u*n + 6*n = 60. Calculate the remainder when 70 is divided by n.
10
Let y(b) = 39*b + 4. Let x be y(2). Let r = x - 70. Suppose 4*j - 2*n - 130 = 0, j - 46 = -2*n - 2*n. What is the remainder when j is divided by r?
10
Suppose -2*t + 6*t = 76. Suppose -29 = -i + 24. Calculate the remainder when i is divided by t.
15
Suppose 0 = -2*x + 4*x - 6. Suppose -2*c - 161 = -5*o, -2*c + 52 = x*o - 51. Suppose -4*t + 3*t = -17. Calculate the remainder when o is divided by t.
16
What is the remainder when 86 is divided by (-520)/(-28) + 8/(-14)?
14
Let p = -55 + 65. Suppose 2*x = -p + 22. Calculate the remainder when 16 is divided by x.
4
Let q(h) = 2*h**3 + 17*h**2 - 16*h - 32. What is the remainder when 154 is divided by q(-9)?
30
Calculate the remainder when 175 is divided by 10/(0 - (5 + -3)) + 47.
7
Let z(j) = 3*j + 12. Let q be 10*(-3)/4*2. Let l be z(q). What is the remainder when 67 is divided by (-44)/l - 98/(-3)?
33
Suppose -2*q - 36 = -4*k + 54, 2*k - 39 = 3*q. Calculate the remainder when 139 is divided by k.
19
Suppose -34 = -3*j + 2. Suppose f = -f + j. Let h = 10 + f. What is the remainder when 29 is divided by h?
13
Calculate the remainder when 131 is divided by (-7 - -1)/((-93)/155).
1
Let j = 179 - 105. What is the remainder when j is divided by 19?
17
Suppose -y + 4*d = 3*d - 72, d = -3*y + 220. Suppose 14 - 60 = -2*k + 4*j, 0 = -4*j + 4. Calculate the remainder when y is divided by k.
23
Let a = -2017 + 2044. What is the remainder when 1239 is divided by a?
24
Let r = 269 + -259. Calculate the remainder when r is divided by 3.
1
Suppose 0 = 2*d - 5*s - 9 - 2, d - 2*s = 8. What is the remainder when 574 is divided by d?
16
What is the remainder when 3236/24 + (-13)/(-78) is divided by 130?
5
Suppose m - 2*f - 24 = 0, -5*m + 2*f + 100 = -3*f. Let k(d) = d**3 - 10*d**2 - d + 32. Calculate the remainder when k(10) is divided by m.
6
Let q(c) = 23*c - 24. Let n = 36 + -32. What is the remainder when q(n) is divided by 10?
8
Suppose 5*y + 4 = 6*y. Suppose 17 = -y*l + 109. What is the remainder when l is divided by 8?
7
Suppose -4*m = -5*m + 35. What is the remainder when 90 is divided by m?
20
Let i(d) = d**3 + 10*d**2 + 4*d - 1. Calculate the remainder when i(-4) is divided by 64.
15
What is the remainder when (1 + 4 + 2 + 32)*2 is divided by 31?
16
Let d = -1119 + 1132. Calculate the remainder when 362 is divided by d.
11
Suppose 6325 = 32*h - 18219. What is the remainder when h is divided by 96?
95
Suppose 2*x - 2 = 0, -13*z = -11*z - 2*x - 1908. What is the remainder when z is divided by 11?
9
Suppose -3*h = -4*h + 26. Calculate the remainder when 62 is divided by h.
10
Calculate the remainder when 4 + (4 - 792/(-3)) - 3 is divided by 39.
35
Let a(r) = r**2 + 12*r + 3. Let q be a(-12). Suppose 0 = f - 10 - q. Let h = 46 - 41. What is the remainder when f is divided by h?
3
Let p(r) = r**2 - 13*r - 6. Let s be p(17). What is the remainder when (s/(-6))/((-3)/9) is divided by 8?
7
Let s be (-1)/((-3)/6*1). Suppose 0 = -s*k + 8*k - 18. Calculate the remainder when 28 is divided by k.
1
Let f